84784?
True
Is 49 a factor of 27318559?
False
Is 7447767 a multiple of 14?
False
Does 2 divide 15914700?
True
Is 88500324 a multiple of 768?
False
Is 54 a factor of 2911211553?
False
Does 7 divide 278201413?
True
Is 302592816 a multiple of 6?
True
Is 547999034 a multiple of 11?
True
Does 20 divide 82523940?
True
Is 1801120676 a multiple of 16?
False
Is 42418502 a multiple of 238?
True
Is 2 a factor of 67025852?
True
Is 1373 a factor of 8892921?
True
Is 4465096280 a multiple of 142?
True
Does 2156 divide 578008508?
True
Does 21 divide 154796091?
False
Is 158 a factor of 688506172?
True
Is 827678952 a multiple of 6606?
True
Is 3260100774 a multiple of 2234?
True
Does 8 divide 552497150?
False
Is 202 a factor of 8610856?
True
Does 298 divide 124385498?
True
Does 1131 divide 39529254?
False
Is 2 a factor of 50111392?
True
Is 22672683 a multiple of 11?
True
Is 65 a factor of 402351115?
False
Is 7 a factor of 314910778?
True
Is 1185765 a multiple of 69?
True
Is 12 a factor of 39739056?
True
Does 26 divide 752768874?
True
Does 103 divide 607107995?
False
Does 7 divide 3929512?
False
Is 317923745 a multiple of 167?
True
Is 47393566 a multiple of 85?
False
Does 1379 divide 2371524218?
True
Does 11 divide 54186242?
True
Is 2479 a factor of 68504438?
False
Is 575 a factor of 7026943?
False
Is 47663104 a multiple of 803?
False
Is 37 a factor of 60888402?
False
Does 50 divide 3154971917?
False
Is 88685332 a multiple of 1726?
True
Is 495928944 a multiple of 276?
True
Is 264189520 a multiple of 80?
True
Does 200 divide 60383170?
False
Is 232431961 a multiple of 6?
False
Does 35 divide 491041670?
True
Does 98 divide 3900970577?
False
Does 15 divide 504868920?
True
Is 22086202 a multiple of 62?
False
Does 31 divide 93875195?
False
Does 419 divide 1053110126?
False
Is 154235144 a multiple of 56?
True
Is 1220631165 a multiple of 65?
True
Is 3002150721 a multiple of 39?
False
Is 561254400 a multiple of 1015?
True
Is 10 a factor of 21407480?
True
Is 234098273 a multiple of 3449?
False
Does 18 divide 4492644?
False
Does 8 divide 101794513?
False
Is 931 a factor of 3648319010?
True
Is 3582205678 a multiple of 178?
True
Does 4562 divide 61509446?
True
Is 23363416 a multiple of 8?
True
Is 852518269 a multiple of 94?
False
Does 165 divide 272277060?
True
Is 1194 a factor of 15285038?
False
Is 114013568 a multiple of 666?
False
Does 2538 divide 67434660?
True
Does 7 divide 8561670?
False
Is 947 a factor of 1533673361?
False
Is 2189070167 a multiple of 27?
False
Is 4592877058 a multiple of 447?
False
Is 2245629656 a multiple of 23?
True
Does 27 divide 2966395?
False
Does 171 divide 4977126?
True
Is 850200460 a multiple of 9?
False
Does 16 divide 5920714?
False
Is 1322277588 a multiple of 20?
False
Does 53 divide 875410805?
True
Does 39 divide 20433543?
True
Is 314675608 a multiple of 52?
True
Is 298 a factor of 1531618680?
True
Is 380759692 a multiple of 9?
False
Is 3645 a factor of 3188716352?
False
Is 1481 a factor of 13180900?
True
Does 6 divide 45141592?
False
Does 110 divide 286133458?
False
Is 64217230 a multiple of 77?
True
Is 18656204 a multiple of 97?
True
Does 2529 divide 42530193?
True
Is 2780304750 a multiple of 675?
True
Does 27 divide 18578417?
False
Does 448 divide 14938560?
True
Does 142 divide 69177542?
False
Is 7 a factor of 275348920?
True
Does 221 divide 2230130169?
False
Is 23 a factor of 208797806?
False
Is 79004760 a multiple of 122?
True
Does 168 divide 440150242?
False
Does 47 divide 18911766?
True
Is 178565591 a multiple of 255?
False
Does 15 divide 79409910?
True
Does 1636 divide 5083052?
True
Does 2107 divide 209045258?
False
Is 11279155 a multiple of 95?
False
Is 3994153661 a multiple of 2005?
False
Is 27487146 a multiple of 137?
False
Does 1695 divide 473803711?
False
Is 62203652 a multiple of 122?
True
Does 33 divide 715821121?
False
Is 902820615 a multiple of 15?
True
Is 222 a factor of 56172893?
False
Is 160013584 a multiple of 22?
False
Is 11 a factor of 23442060?
False
Is 9 a factor of 219945698?
False
Is 253200 a multiple of 20?
True
Is 19 a factor of 116599599?
True
Is 199861789 a multiple of 111?
False
Is 107 a factor of 31453839?
False
Is 3533421216 a multiple of 96?
True
Is 1229840643 a multiple of 1437?
True
Is 254 a factor of 16476894?
False
Is 141320102 even?
True
Is 2160 a factor of 404557200?
True
Does 4811 divide 361744097?
False
Is 446936805 a multiple of 62?
False
Is 130 a factor of 8988330?
True
Does 19 divide 69527270?
True
Is 328 a factor of 1250176920?
True
Is 96681447 a multiple of 1299?
False
Is 70 a factor of 30417006?
False
Does 9 divide 125789508?
True
Is 6 a factor of 6573790?
False
Does 406 divide 36441295?
False
Is 252873588 a multiple of 257?
False
Is 98 a factor of 10012842?
False
Does 80 divide 427063847?
False
Is 358838539 a multiple of 2545?
False
Is 67942512 a multiple of 1947?
True
Does 637 divide 103528229?
False
Is 8108 a factor of 2137974196?
True
Is 35 a factor of 573800278?
False
Is 24273286 a multiple of 2514?
False
Is 1746 a factor of 1528813050?
False
Is 121651023 a multiple of 17?
False
Does 2110 divide 395634960?
False
Is 6 a factor of 1678230?
True
Is 106507830 a multiple of 30?
True
Does 12 divide 80557310?
False
Is 93720983 a multiple of 17?
True
Is 37 a factor of 1026069848?
False
Is 358758191 a multiple of 47?
True
Is 160497895 a multiple of 679?
False
Does 37 divide 199303238?
True
Is 571 a factor of 6478631?
False
Is 420 a factor of 66753120?
True
Does 3286 divide 50492676?
True
Does 105 divide 8309243245?
False
Does 9 divide 46428491?
False
Does 22 divide 6685184?
True
Does 1083 divide 277692030?
True
Is 1861510 a multiple of 1015?
True
Does 12 divide 15479964?
True
Is 58 a factor of 25456930?
False
Is 9 a factor of 1284099455?
False
Is 64 a factor of 303414912?
True
Is 448509456 a multiple of 26?
False
Is 671 a factor of 3709474694?
False
Is 124036836 a multiple of 27?
False
Is 81442481 even?
False
Does 10 divide 2936159890?
True
Is 1090926301 a multiple of 87?
False
Does 326 divide 6250584146?
True
Does 8 divide 1364237960?
True
Is 70663272 a multiple of 12?
True
Is 364607373 a multiple of 925?
False
Is 58 a factor of 1054666432?
True
Does 26 divide 45711328?
True
Is 342183842 a multiple of 1001?
True
Is 31956714 a multiple of 1575?
False
Is 532 a factor of 434939456?
False
Does 94 divide 3984493244?
True
Is 9796229 a multiple of 2?
False
Is 132310467 a multiple of 2064?
False
Is 16 a factor of 152606128?
True
Does 27 divide 10997343?
True
Is 1006 a factor of 352898320?
False
Does 2 divide 17118419?
False
Is 83918617 a multiple of 13?
False
Is 24 a factor of 524562670?
False
Is 19074837 a multiple of 115?
False
Does 9915 divide 1261614345?
True
Is 204 a factor of 5340915024?
True
Does 85 divide 703853784?
False
Does 21 divide 1764797580?
True
Is 23 a factor of 679372474?
False
Is 69 a factor of 812245023?
True
Is 147 a factor of 3315221?
False
Does 298 divide 2340194?
True
Is 25 a factor of 35046232?
False
Is 4539 a factor of 38943542?
False
Does 1709 divide 223116786?
True
Is 13 a factor of 118003951?
True
Is 25 a factor of 84584?
False
Is 27801825 a multiple of 15?
True
Does 15 divide 3225661?
False
Is 2043555 a multiple of 42?
False
Does 970 divide 91331320?
True
Is 72018836 a multiple of 378?
False
Does 27 divide 74693205?
True
Does 111 divide 710519972?
False
Is 1828 a factor of 333889684?
True
Is 1704612202 a multiple of 10?
False
Is 27 a factor of 1215222533?
False
Is 1033751181 a multiple of 51?
True
Is 1347 a factor of 164653239?
True
Does 25 divide 2433479550?
True
Is 59 a factor of 59889677?
False
Does 8638 divide 1998694992?
True
Does 3 divide 995291928?
True
Does 55 divide 357095716?
False
Is 7 a factor of 156228436?
True
Is 63 a factor of 193297036?
False
Is 99 a factor of 550275462?
True
Is 8283 a factor of 6881549532?
True
Is 81401181 a multiple of 1072?
False
Is 51707042 a multiple of 1111?
False
Is 724081 a multiple of 6?
False
Is 407 a factor of 250604959?
True
Does 49 divide 537306914?
False
Is 43504147 a multiple of 15?
False
Does 23 divide 224931692?
False
Does 1360 divide 3004861520?
True
Does 366 divide 51417741?
False
Is 2605643616 a multiple of 1418?
False
Is 623 a factor of 3486931?
True
Is 26 a factor of 185259412?
True
Is 950647216 a multiple of 8474?
